a + 2*a - 5 = 0. Let p be (-2)/6 - l/(-3). What is the greatest common factor of g and p?
15
Let u(z) = -2*z - 3. Let v be u(-3). Suppose -2*l = -v*l + 2. Let n = -2 - -3. What is the greatest common factor of l and n?
1
Suppose -11*s + 14*s - 24 = 0. What is the highest common factor of 4 and s?
4
Let u be 46 - (-1 + 6 + -3). Calculate the highest common factor of 110 and u.
22
Suppose -2*n + 0*n = q, 5*q + n + 9 = 0. Let c be (q + 1)*(-2 - -13). Let x = 27 + c. Calculate the greatest common factor of x and 2.
2
Let f(d) = -d - 19. Let a be f(-23). What is the greatest common factor of a and 28?
4
Let o be (3/(-6))/(2/24). Let w(k) = 3*k**2 + 2*k**2 - 5 + k**3 + k**2 - 7*k + 2. Let u be w(o). What is the greatest common divisor of 13 and u?
13
Let v(z) = -14*z + 1. Let r be v(-2). Let g = -3 + r. Let o(k) = -66*k - 1. Let d be o(-1). What is the highest common factor of g and d?
13
Suppose 0 = 5*t - 97 - 143. Calculate the greatest common divisor of t and 16.
16
Suppose 0 = -4*l + 5*k + 1606 + 90, 0 = -l - 4*k + 424. What is the highest common factor of l and 53?
53
Suppose t - 364 = -3*t. Let c = t + 56. What is the greatest common factor of c and 21?
21
Let h be (22/(-4))/((-6)/60). Calculate the highest common divisor of h and 5.
5
Suppose -u = 4*u + 25. Let l(h) = -4*h. Let t be l(u). Calculate the greatest common divisor of t and 4.
4
Let a be ((-12)/(-7))/(3/21). Let r be 0*(3/(-6) - 0). Let u = r - -3. What is the greatest common divisor of a and u?
3
Suppose 0 = 3*p - 11 - 49. Let x be ((-12)/4)/((-6)/p). Suppose 38 = 4*r - m - 62, 75 = 3*r + 4*m. Calculate the highest common factor of x and r.
5
Let r(l) = 14*l**2 + l - 1. Let o be r(-1). Calculate the highest common divisor of o and 84.
12
Suppose q + 34 = -3*n - 19, 5*n + 88 = -2*q. Let k be (-4)/n - 16/(-9). Calculate the highest common factor of 8 and k.
2
Let r(l) = l**2 - 4*l. Let g be r(6). Let c(z) = z**2 + 6*z + 6. Let s be c(-6). Suppose 0*m = 2*m - s. What is the highest common divisor of g and m?
3
Suppose -4 + 36 = 2*d + 4*v, -5*d - 5*v + 90 = 0. What is the greatest common factor of 30 and d?
10
Let y(q) = 2*q**2 + q + 2. Let p be y(-4). Calculate the highest common divisor of 6 and p.
6
Suppose -2*v = -2*d + 12, 5*d - 3*v - 20 - 4 = 0. Suppose 4*w = 5*g + 28, 4*g - 6*g - 28 = -d*w. What is the greatest common factor of w and 48?
12
Let q(z) = -2*z**2 - 2*z - 4. Suppose 0*r = -g - r - 5, r = 0. Let y be q(g). Let c = 74 + y. Calculate the highest common factor of c and 45.
15
Let h = 11 - 4. Suppose -4*d + 2*t - 168 = 3*t, 5*t + 42 = -d. Let y be (-282)/d + 4/14. What is the greatest common factor of y and h?
7
Let j(w) = w - 2. Let g be j(3). Calculate the highest common factor of g and 8.
1
Let y(u) = 2*u**2 - 3*u**2 - 1 - u**2 + 3*u**2. Let a(v) = v + 1. Let d be a(4). Let j be y(d). Calculate the highest common divisor of 3 and j.
3
Let k be ((-489)/4)/(-3) - 222/296. Calculate the greatest common factor of k and 160.
40
Suppose -2*y = -5*y - 3. Let m = 3 - y. Suppose 2*v + 5*t + m = v, 3*v = t + 68. Calculate the greatest common factor of v and 63.
21
Let u(h) be the first derivative of 9*h**2/2 + 1. Let a be u(3). What is the highest common factor of 3 and a?
3
Suppose -5*t - 41 = 4*q - 131, -3*t + 3*q = -81. Calculate the highest common factor of t and 66.
22
Let b(f) = f**3 - 8*f**2 + 14*f + 4. Let h be b(6). Calculate the highest common divisor of h and 4.
4
Let k = -1 - -3. Let h(v) be the second derivative of v**4/12 - v**3/6 - v. Let s be h(k). What is the highest common divisor of 1 and s?
1
Suppose 9 = 2*g + 1, -3*r = -4*g + 19. Let t = r + 3. Suppose 5*i = -t*w + 27, -2*i + w + 13 = 4*w. Calculate the highest common divisor of 2 and i.
1
Let h(c) = 49*c**2. Let v be h(-1). Suppose -5*w + 35 = -0. Calculate the highest common factor of w and v.
7
Suppose b - 70 + 39 = 0. What is the highest common divisor of 248 and b?
31
Let h = 46 + -13. Calculate the greatest common divisor of h and 11.
11
Let i(o) = o + 6. Let c be i(7). What is the highest common divisor of c and 143?
13
Let k be (-71)/(-4) + (-3)/4. Suppose -3*q = -k - 25. What is the highest common factor of q and 7?
7
Suppose 0*u - 2*u = r, -4*r - 5*u = 12. Suppose 0 = -2*l - 3*l + 3*a, -l = a. Let i be -3 - -2 - (r + l). Calculate the greatest common factor of i and 77.
7
Let y(i) = -i**2 - 12*i + 2. Let j be y(-12). Suppose 4 = -0*m + 2*m. Calculate the highest common factor of j and m.
2
Suppose -4*u - 28 + 148 = 0. What is the highest common factor of 75 and u?
15
Let z(y) = 6*y**2 + 2*y + 2. Let p be z(-2). What is the highest common divisor of 77 and p?
11
Let s(v) = -4*v - 10. Let h = 17 - 24. Let p be s(h). Calculate the highest common divisor of 72 and p.
18
Let r(t) = -2*t**2 - 11*t + 6. Let g be (6 + -4)*5/(-2). Let l be r(g). What is the highest common factor of l and 55?
11
Let b be 66/18 + (-2)/(-6). Suppose s - b = 4. What is the greatest common factor of 40 and s?
8
Let b(d) = -d - 6. Let x be b(-10). Calculate the highest common divisor of x and 4.
4
Suppose -8 = -2*f - 0, 0 = 5*k + 4*f - 16. Suppose k = -2*x - x + 24. Calculate the greatest common factor of x and 2.
2
Let s be (-2 - (-1)/(-1))*-1. Let u = s + 9. Calculate the greatest common factor of u and 3.
3
Let w be (2 - (1 - 4))/1. Suppose -l + 16 = 2*c - 3*l, w*c - 49 = 2*l. What is the highest common factor of 55 and c?
11
Suppose 4*p - 1 - 1 = 3*r, -5*p + 2*r - 1 = 0. Let w be (p - 31)*1/(-2). Calculate the greatest common divisor of w and 128.
16
Let z be 1 + -5 - (1 - 51). Let r = z + -22. Calculate the highest common factor of 36 and r.
12
Let s = 38 - -4. What is the highest common divisor of 378 and s?
42
Let k(m) = m**2 - 2*m + 5. Let a be k(4). Let c be (2 + 37)*(3 + 0). Calculate the greatest common factor of c and a.
13
Let v(r) = r + 18. Let k be v(-15). Suppose -5*z = 2*m - 9 - 4, 4*z = -k*m + 23. Let y = 8 - 5. Calculate the highest common factor of y and m.
3
Suppose 3*z = -d + 153, 65 = d - 4*z - 67. Let n(t) = 2*t**3 - t + 2. Let u be n(2). What is the greatest common divisor of d and u?
16
Let k be 2/(-6) + (-93)/(-9). Calculate the highest common divisor of 80 and k.
10
Suppose 5*z - 5*p - 1 = z, 5*p + 5 = 0. Let u = 2 + z. Let a be ((-65)/20)/(u/(-36)). What is the greatest common factor of 13 and a?
13
Let s be (20 - 0)/4 + 0. Let j = -16 + 31. What is the greatest common factor of j and s?
5
Let g = -34 - -58. Let d(b) = b**3 - 10*b**2 + 3*b - 14. Let l be d(10). What is the highest common divisor of l and g?
8
Let h(y) = y**3 + 15*y**2 + 15*y + 19. Let l be h(-14). Calculate the highest common divisor of 20 and l.
5
Suppose 5*c = 5*x + 20, 0*c + 16 = 4*c - 3*x. Calculate the highest common factor of 68 and c.
4
Let s(j) = 13*j**2 - 12*j - 17. Let r be s(-7). Calculate the greatest common divisor of 64 and r.
64
Let x(p) = -2*p + 1. Let t be x(-6). Suppose -3*k = -2*k - t. Let j = -17 - -30. Calculate the highest common factor of k and j.
13
Let h(z) = -54*z**2 + 2*z + 1. Let s be h(2). Let x = -138 - s. Suppose 5*w = x - 3. What is the greatest common divisor of w and 14?
14
Suppose 0*w = 2*h + 2*w - 136, 3*h + 2*w - 208 = 0. What is the greatest common divisor of h and 9?
9
Let x(y) = -y**3 + y**2 + 5*y + 3. Let p be x(-3). Calculate the highest common factor of 6 and p.
6
Let a be 4/26 + 6/(-39). Let g be 7 - (a + (-2 - -5)). What is the greatest common divisor of 4 and g?
4
Suppose f + 3 = 2*f. Let n be 14/(-21) + 11/f. What is the highest common divisor of 33 and n?
3
Let n be ((-3)/(-2))/((-1)/(-2)). Let l be n*10/(-12)*-4. What is the highest common factor of 100 and l?
10
Let m be ((-60 + 8)/2)/((-2)/22). What is the highest common factor of 26 and m?
26
Suppose -5*d + 78 = 2*g, 3*d - 65 + 21 = -4*g. What is the highest common factor of d and 48?
16
Let s = 101 - 79. Let f = 26 + -97. Let r = -38 - f. What is the greatest common factor of r and s?
11
Suppose -3*x + 0*x - 18 = 0. Let d be (-92)/x + 4/(-12). Let w be (-2 - 8)*9/(-2). What is the highest common divisor of d and w?
15
Let j be -3 + (2 - -4) + -3. Suppose j = -5*c + 3*c + 48. What is the highest common factor of 12 and c?
12
Let l(c) = c + 78. Let z be l(27). Calculate the greatest common divisor of z and 21.
21
Let w be 68/6 -